= -3*i + 277, 71*i - 2 = 69*i. Calculate the remainder when f is divided by 56.
25
Suppose -w - 2*w + 39 = 0. Suppose -112 = -2*s + 5*p, -3*s - 5*p + 94 = -49. Calculate the remainder when s is divided by w.
12
Let g = 275 + -105. What is the remainder when g is divided by 35?
30
Suppose 2*y - 96 = -4*z, z + 3*y = -y + 24. Calculate the remainder when 299 is divided by z.
11
Suppose -5*y + 5*w + 70 = 0, 2*y - w - 26 = -0*w. Let l = 27 - y. Let r = 121 - 63. What is the remainder when r is divided by l?
13
Let l be (1 - 2 - -2)*5. Suppose 2*d + 204 = l*d. Suppose 3*n = -17 + d. Calculate the remainder when 50 is divided by n.
16
Suppose -10*w + 9*w - 64 = -4*b, 0 = -2*b + w + 34. Calculate the remainder when 142 is divided by b.
7
Suppose n - 383 = 2*r + 52, -2164 = -5*n - r. Let u = n + -151. Suppose k = -3*b + u, -3*b - 2*k - k + 276 = 0. Calculate the remainder when b is divided by 32.
31
What is the remainder when (-5)/(-35)*-3 - 2150/(-35) is divided by (1 - 1) + 31/1?
30
Let y be 4/18 - 175/(-63). Let u(s) = s + 10. Let l be u(-8). Suppose y*i + 23 = o, 4*i - 22 = -l*o + 2*i. Calculate the remainder when 38 is divided by o.
10
Let u = -40 - -28. Let y = u - -33. Suppose 0 = -5*i - 15, 5*i + 6 = 4*q - 33. What is the remainder when y is divided by q?
3
Let b = -1017 + 1119. Calculate the remainder when b is divided by 47.
8
Suppose 6 = -4*j + 18, o - j = 67. What is the remainder when 279 is divided by o?
69
Suppose 102*p = 103*p - 168. Suppose 11 = i - p. What is the remainder when i is divided by 26?
23
Let o(z) = z**3 - 11*z**2 - 12*z + 24. Suppose 2*j = 6*j - 48. Calculate the remainder when o(j) is divided by 5.
4
Let t = -8 - -11. Suppose t*g - 37 + 7 = 0. Let m(d) = d**2 + 4*d - 2. Calculate the remainder when m(3) is divided by g.
9
Suppose 5*o = -4*c + 255, -2*o - 2*c - 3 = -105. Calculate the remainder when 99 is divided by o.
48
Let r(d) = d**3 - 14*d**2 + 8*d + 2. Let j(x) = x**3 - 13*x**2 + 7*x + 3. Let f(i) = -7*j(i) + 6*r(i). What is the remainder when 88 is divided by f(3)?
16
What is the remainder when 9/((-45)/(-20)) - -325 is divided by 30?
29
Suppose 22*c = 18*c + 88. Let v(y) = 10*y - 14*y + 4*y + c + 2*y. What is the remainder when 20 is divided by v(-5)?
8
Let s = -47 - -82. Calculate the remainder when ((-34)/3)/(-4*4/144) is divided by s.
32
Let s(y) = -40*y**3 - 3*y**2 - 2*y. Calculate the remainder when s(-1) is divided by 10.
9
Suppose 0 = 4*r - 15*r + 704. Calculate the remainder when 373 is divided by r.
53
Let b = -15 + 37. Calculate the remainder when 1799/21 - (-4)/(-6) is divided by b.
19
Let s be 99 - ((-3)/(-12))/(2/24). Suppose 29*i = 25*i + s. What is the remainder when i is divided by 5?
4
Let h(j) = 5*j - 3. Let z = -8 + 11. Suppose -3*f - 5*k + 140 = -3*k, -f + 51 = 5*k. Calculate the remainder when f is divided by h(z).
10
Let v(s) = 3*s + 39. Calculate the remainder when 55 is divided by v(-6).
13
Let k(d) = -2*d + 3. Suppose 2*m = -2*m - 28. Let i(n) = 11*n + 20. What is the remainder when i(4) is divided by k(m)?
13
Let n be 280/(-6) - ((-70)/15)/7. Let z = -37 - n. Calculate the remainder when z is divided by (-7)/((-63)/12)*3.
1
What is the remainder when 0 - -4 - (1296/(-9) - 7) is divided by 13?
12
Suppose 0*g - 4*g = -412. Suppose 3*i + 6*a - 96 = 2*a, 3*a + g = 4*i. Calculate the remainder when i is divided by 10.
8
Suppose -3*n - 10 = -4*y + 2*y, 4*y + 4*n - 20 = 0. Suppose -2*u - 6 = -y*u. Suppose -7*z + 130 = -u*z. Calculate the remainder when z is divided by 9.
8
Suppose -5*h = -0*h - l - 456, 0 = -h - 4*l + 108. Let u be 1*(-9)/3 - -5. Suppose -u*m - h = -228. Calculate the remainder when m is divided by 23.
22
Suppose 0 = -3*y + 7 + 41. Let f = y + -7. Let b(q) = q**2 + 6*q. What is the remainder when b(-8) is divided by f?
7
Let t(k) = k**3 - k**2 + 3*k - 7. Let m be t(5). Calculate the remainder when 116 is divided by ((-306)/m)/(1/(-6)).
14
Suppose 4*g - 7 = -2*o + 17, -1 = -g + 2*o. Suppose 5*b - 115 = -g*c + 70, -4*b + 144 = 3*c. Calculate the remainder when b is divided by 2*1/2*17.
16
Let w(f) = -26*f + 61. What is the remainder when w(0) is divided by 22?
17
Suppose 28*w = 30*w - 132. Let k(c) = 17*c**2 + 2*c - 1. What is the remainder when w is divided by k(1)?
12
Let q be 40/15*6/4. Let h(a) = -7*a - 1. Let v(m) = 1. Let f(s) = -h(s) - 6*v(s). What is the remainder when f(q) is divided by 8?
7
Calculate the remainder when 38 is divided by 46/3*1 - (-17)/(-51).
8
Suppose -3*l - 279 = -330. Calculate the remainder when 94 is divided by l.
9
Let c = 58 + -58. Suppose -k + 6*k + 3*i = 49, -3*k - i + 31 = c. Calculate the remainder when 52 is divided by k.
8
Suppose r = 5*z - 10 - 14, 4*z - 5*r = 15. Suppose h + 4*w + 2 - 123 = 0, -3*h + 448 = -z*w. What is the remainder when h is divided by 13?
11
Let o(q) = q**3 + 8*q**2 - 4*q + 7. Let h be o(-9). Let d = h + 41. Let y = -4 - -8. What is the remainder when y is divided by d?
1
Suppose -175 = 3*l - 8*l + 5*n, -5*l - 2*n + 161 = 0. Let o = l + -29. What is the remainder when 6 is divided by o?
2
Let j(a) = 39*a + 879. What is the remainder when 729 is divided by j(-22)?
15
Let i = 209 - 116. What is the remainder when i is divided by 33?
27
Suppose 7*t + 120 = 22*t. Calculate the remainder when 78 is divided by t.
6
Let l be -15*(8/(-6) - 0). Suppose -4*u + 5*i = -23, l = i + 3*i. What is the remainder when u is divided by 5?
2
Let q(h) = 3*h - 10. Let d be q(5). Suppose -d*s + 10*s = 215. Calculate the remainder when s is divided by (-6)/12 + (-31)/(-2).
13
Let n = 131 - 112. Suppose 2*s - 3*y - 34 = 0, 0*y = 3*s + 3*y - 36. Let m = n + s. What is the remainder when m is divided by 12?
9
Let i(a) = -39*a - 169. Calculate the remainder when i(-9) is divided by 89.
4
Let r = 407 - 211. Let x = r - 108. Suppose 0 = -5*s - 13 + x. What is the remainder when 57 is divided by s?
12
Let y = -3 + 7. Suppose -y*l + 64 = -12. Let c = 32 - l. Calculate the remainder when 23 is divided by c.
10
Let l(f) = f**3 - 5*f**2 + 4*f - 7. Suppose -92*r = -104*r + 576. What is the remainder when r is divided by l(5)?
9
Suppose 0 = -u + 33. Let c = -29 + u. Let q = 6 + 5. Calculate the remainder when q is divided by c.
3
Let b(p) = -1. Let f(o) = o - 4. Let x(z) = 6*b(z) - f(z). Suppose -2*v = 5 - 11. What is the remainder when v is divided by x(-5)?
0
Suppose -330 = -3*p - 3*s, 0 = -p - 0*p - 5*s + 98. Calculate the remainder when p is divided by 29.
26
Suppose 3*s + 21 = 4*s. Suppose 21 = 3*z - 3*h, 3*z = -3*h + 7 + 20. Calculate the remainder when s is divided by z.
5
Let v(d) = 14*d**2 - 4*d + 5. What is the remainder when v(2) is divided by 18?
17
Suppose 28 = -10*x + 17*x. Let h(o) = -o**3 + 4*o**2 - 4*o - 1. Let t be h(3). Calculate the remainder when t*(0 - (-15)/(-4)) is divided by x.
3
Let m = 369 + 519. Calculate the remainder when m is divided by 11.
8
Let k = 34 + -22. Suppose -2*s = -5*o, o - k = -0*o - 2*s. Calculate the remainder when o/(-11) + 468/33 is divided by 8.
6
Let l(c) = 9*c**3 - c**2 + 9*c - 19. What is the remainder when l(2) is divided by 10?
7
Let n(q) = 2*q**3 + 41*q**2 - 34*q - 235. Let a = 51 - -61. What is the remainder when a is divided by n(-21)?
36
Suppose -5*i - 20 = -0. Let v be ((-2)/i)/(8/3872). Let n = -132 + v. Calculate the remainder when n is divided by 28.
26
Suppose -b + 5*g = -99, 396 = -3*b + 7*b - 4*g. Suppose -y = -2*y + b. What is the remainder when y is divided by 34?
31
Let d be 0/(-4 + 4 - 2). Calculate the remainder when 15 is divided by 4*(-2 - (d - 3)).
3
Let g(y) = 11*y - 600. Calculate the remainder when 127 is divided by g(56).
15
Suppose -118 + 368 = 10*m. Suppose 3*i - 4*w = 2, -i - 5 = -5*i + 3*w. Suppose i*z + 3*z = 490. What is the remainder when z is divided by m?
23
Suppose -172 = -4*q + o, -6*o = -q - 2*o + 28. Calculate the remainder when q is divided by (-156)/(-10) - (-2)/5.
12
Calculate the remainder when 80/8*-1 + 272 is divided by 24.
22
Let l = 7 - -21. What is the remainder when (0 - -10)/(14/231) is divided by l?
25
Let b(n) = -6*n - 4. Let d be b(5). Let a = d + 61. Suppose 5*s = 10*s - 70. Calculate the remainder when a is divided by s.
13
Suppose 2*i - 5*y = 2, -5*i + 0*i = -y - 51. What is the remainder when i is divided by (-14)/(-3) + (-2)/3?
3
Suppose 1 = -38*j 